{"id":2204,"date":"2024-06-25T12:43:37","date_gmt":"2024-06-25T15:43:37","guid":{"rendered":"https:\/\/aliviar.com.ar\/ortopedia-cirugia\/?page_id=2204"},"modified":"2024-07-02T15:59:37","modified_gmt":"2024-07-02T18:59:37","slug":"nosotros","status":"publish","type":"page","link":"https:\/\/aliviar.com.ar\/ortopedia-cirugia\/nosotros\/","title":{"rendered":"Nosotros"},"content":{"rendered":"\t\t<div data-elementor-type=\"wp-page\" data-elementor-id=\"2204\" class=\"elementor elementor-2204\">\n\t\t\t\t<div class=\"elementor-element elementor-element-152adce2 e-flex e-con-boxed e-con e-parent\" data-id=\"152adce2\" data-element_type=\"container\" data-e-type=\"container\" data-settings=\"{&quot;background_background&quot;:&quot;classic&quot;}\">\n\t\t\t\t\t<div class=\"e-con-inner\">\n\t\t<div class=\"elementor-element elementor-element-1115cbf4 e-con-full e-flex e-con e-child\" data-id=\"1115cbf4\" data-element_type=\"container\" data-e-type=\"container\">\n\t\t\t\t<\/div>\n\t\t\t\t\t<\/div>\n\t\t\t\t<\/div>\n\t\t<div class=\"elementor-element elementor-element-e215bc7 e-flex e-con-boxed e-con e-parent\" data-id=\"e215bc7\" data-element_type=\"container\" data-e-type=\"container\" data-settings=\"{&quot;background_background&quot;:&quot;classic&quot;}\">\n\t\t\t\t\t<div class=\"e-con-inner\">\n\t\t\t\t<div class=\"elementor-element elementor-element-0ebdc12 elementor-widget elementor-widget-shortcode\" data-id=\"0ebdc12\" data-element_type=\"widget\" data-e-type=\"widget\" data-widget_type=\"shortcode.default\">\n\t\t\t\t<div class=\"elementor-widget-container\">\n\t\t\t\t\t\t\t<div class=\"elementor-shortcode\"><\/div>\n\t\t\t\t\t\t<\/div>\n\t\t\t\t<\/div>\n\t\t\t\t\t<\/div>\n\t\t\t\t<\/div>\n\t\t<div class=\"elementor-element elementor-element-5b101d46 e-flex e-con-boxed e-con e-parent\" data-id=\"5b101d46\" data-element_type=\"container\" data-e-type=\"container\" data-settings=\"{&quot;background_background&quot;:&quot;classic&quot;}\">\n\t\t\t\t\t<div class=\"e-con-inner\">\n\t\t<div class=\"elementor-element elementor-element-24aa8c4a e-con-full e-flex e-con e-child\" data-id=\"24aa8c4a\" data-element_type=\"container\" data-e-type=\"container\">\n\t\t\t\t<div class=\"elementor-element elementor-element-28d3d00 elementor-widget elementor-widget-heading\" data-id=\"28d3d00\" data-element_type=\"widget\" data-e-type=\"widget\" data-widget_type=\"heading.default\">\n\t\t\t\t<div class=\"elementor-widget-container\">\n\t\t\t\t\t<h2 class=\"elementor-heading-title elementor-size-default\">Grupo Aliviar<\/h2>\t\t\t\t<\/div>\n\t\t\t\t<\/div>\n\t\t\t\t<div class=\"elementor-element elementor-element-d4603e5 elementor-widget elementor-widget-text-editor\" data-id=\"d4603e5\" data-element_type=\"widget\" data-e-type=\"widget\" data-widget_type=\"text-editor.default\">\n\t\t\t\t<div class=\"elementor-widget-container\">\n\t\t\t\t\t\t\t\t\t<p>Somos un equipo de profesionales\u00a0 comprometidos con el bienestar y la calidad de vida de las personas, ofreciendo productos y servicios en forma personalizada y acompa\u00f1ando al paciente y a su entorno.<\/p><p>Cada tratamiento es personalizado, esto quiere decir que el tipo de profesional y la frecuencia de su visita, depender\u00e1 del paciente y de su patolog\u00eda.<\/p>\t\t\t\t\t\t\t\t<\/div>\n\t\t\t\t<\/div>\n\t\t\t\t<\/div>\n\t\t\t\t\t<\/div>\n\t\t\t\t<\/div>\n\t\t<div class=\"elementor-element elementor-element-184425a e-flex e-con-boxed e-con e-parent\" data-id=\"184425a\" data-element_type=\"container\" data-e-type=\"container\" data-settings=\"{&quot;background_background&quot;:&quot;classic&quot;}\">\n\t\t\t\t\t<div class=\"e-con-inner\">\n\t\t<div class=\"elementor-element elementor-element-61b408e e-con-full e-flex e-con e-child\" data-id=\"61b408e\" data-element_type=\"container\" data-e-type=\"container\">\n\t\t<div class=\"elementor-element elementor-element-723f981 e-con-full e-flex e-con e-child\" data-id=\"723f981\" data-element_type=\"container\" data-e-type=\"container\">\n\t\t<div class=\"elementor-element elementor-element-dfec4c3 e-con-full e-flex e-con e-child\" data-id=\"dfec4c3\" data-element_type=\"container\" data-e-type=\"container\">\n\t\t\t\t<div class=\"elementor-element elementor-element-512d2f2 elementor-widget elementor-widget-heading\" data-id=\"512d2f2\" data-element_type=\"widget\" data-e-type=\"widget\" data-widget_type=\"heading.default\">\n\t\t\t\t<div class=\"elementor-widget-container\">\n\t\t\t\t\t<h2 class=\"elementor-heading-title elementor-size-default\">Prop\u00f3sito<\/h2>\t\t\t\t<\/div>\n\t\t\t\t<\/div>\n\t\t\t\t<div class=\"elementor-element elementor-element-4391dbb elementor-widget elementor-widget-text-editor\" data-id=\"4391dbb\" data-element_type=\"widget\" data-e-type=\"widget\" data-widget_type=\"text-editor.default\">\n\t\t\t\t<div class=\"elementor-widget-container\">\n\t\t\t\t\t\t\t\t\t<p>Nuestro prop\u00f3sito es mejorar la calidad de vida de las personas, a trav\u00e9s de nuestros productos y servicios, comprometi\u00e9ndonos con el bienestar de las mismas.<\/p>\t\t\t\t\t\t\t\t<\/div>\n\t\t\t\t<\/div>\n\t\t\t\t<\/div>\n\t\t<div class=\"elementor-element elementor-element-0c0d723 e-con-full e-flex e-con e-child\" data-id=\"0c0d723\" data-element_type=\"container\" data-e-type=\"container\">\n\t\t\t\t<div class=\"elementor-element elementor-element-ca8b556 elementor-widget elementor-widget-image\" data-id=\"ca8b556\" data-element_type=\"widget\" data-e-type=\"widget\" data-widget_type=\"image.default\">\n\t\t\t\t<div class=\"elementor-widget-container\">\n\t\t\t\t\t\t\t\t\t\t\t\t\t\t\t<img fetchpriority=\"high\" decoding=\"async\" width=\"601\" height=\"401\" src=\"https:\/\/aliviar.com.ar\/ortopedia-cirugia\/wp-content\/uploads\/2024\/06\/img10.jpg\" class=\"attachment-full size-full wp-image-2335\" alt=\"\" srcset=\"https:\/\/aliviar.com.ar\/ortopedia-cirugia\/wp-content\/uploads\/2024\/06\/img10.jpg 601w, https:\/\/aliviar.com.ar\/ortopedia-cirugia\/wp-content\/uploads\/2024\/06\/img10-300x200.jpg 300w\" sizes=\"(max-width: 601px) 100vw, 601px\" \/>\t\t\t\t\t\t\t\t\t\t\t\t\t\t\t<\/div>\n\t\t\t\t<\/div>\n\t\t\t\t<\/div>\n\t\t\t\t<\/div>\n\t\t\t\t<\/div>\n\t\t\t\t\t<\/div>\n\t\t\t\t<\/div>\n\t\t<div class=\"elementor-element elementor-element-aac9c17 e-flex e-con-boxed e-con e-parent\" data-id=\"aac9c17\" data-element_type=\"container\" data-e-type=\"container\" data-settings=\"{&quot;background_background&quot;:&quot;classic&quot;}\">\n\t\t\t\t\t<div class=\"e-con-inner\">\n\t\t<div class=\"elementor-element elementor-element-10ed459 e-con-full e-flex e-con e-child\" data-id=\"10ed459\" data-element_type=\"container\" data-e-type=\"container\">\n\t\t<div class=\"elementor-element elementor-element-62d1ac30 e-con-full e-flex e-con e-child\" data-id=\"62d1ac30\" data-element_type=\"container\" data-e-type=\"container\">\n\t\t<div class=\"elementor-element elementor-element-249f4ba8 e-con-full e-flex e-con e-child\" data-id=\"249f4ba8\" data-element_type=\"container\" data-e-type=\"container\">\n\t\t\t\t<div class=\"elementor-element elementor-element-14545336 elementor-widget elementor-widget-image\" data-id=\"14545336\" data-element_type=\"widget\" data-e-type=\"widget\" data-widget_type=\"image.default\">\n\t\t\t\t<div class=\"elementor-widget-container\">\n\t\t\t\t\t\t\t\t\t\t\t\t\t\t\t<img decoding=\"async\" width=\"601\" height=\"401\" src=\"https:\/\/aliviar.com.ar\/ortopedia-cirugia\/wp-content\/uploads\/2024\/06\/img11.jpg\" class=\"attachment-full size-full wp-image-2336\" alt=\"\" srcset=\"https:\/\/aliviar.com.ar\/ortopedia-cirugia\/wp-content\/uploads\/2024\/06\/img11.jpg 601w, https:\/\/aliviar.com.ar\/ortopedia-cirugia\/wp-content\/uploads\/2024\/06\/img11-300x200.jpg 300w\" sizes=\"(max-width: 601px) 100vw, 601px\" \/>\t\t\t\t\t\t\t\t\t\t\t\t\t\t\t<\/div>\n\t\t\t\t<\/div>\n\t\t\t\t<\/div>\n\t\t<div class=\"elementor-element elementor-element-19e7759a e-con-full e-flex e-con e-child\" data-id=\"19e7759a\" data-element_type=\"container\" data-e-type=\"container\">\n\t\t\t\t<div class=\"elementor-element elementor-element-6ae2408b elementor-widget elementor-widget-heading\" data-id=\"6ae2408b\" data-element_type=\"widget\" data-e-type=\"widget\" data-widget_type=\"heading.default\">\n\t\t\t\t<div class=\"elementor-widget-container\">\n\t\t\t\t\t<h2 class=\"elementor-heading-title elementor-size-default\">Misi\u00f3n<\/h2>\t\t\t\t<\/div>\n\t\t\t\t<\/div>\n\t\t\t\t<div class=\"elementor-element elementor-element-2ddb65be elementor-widget elementor-widget-text-editor\" data-id=\"2ddb65be\" data-element_type=\"widget\" data-e-type=\"widget\" data-widget_type=\"text-editor.default\">\n\t\t\t\t<div class=\"elementor-widget-container\">\n\t\t\t\t\t\t\t\t\t<p><strong>Promover, recuperar, y\/o rehabilitar<\/strong> la salud de cada paciente, adem\u00e1s de acompa\u00f1ar y contener a toda la familia durante el tratamiento.<\/p>\t\t\t\t\t\t\t\t<\/div>\n\t\t\t\t<\/div>\n\t\t\t\t<\/div>\n\t\t\t\t<\/div>\n\t\t\t\t<\/div>\n\t\t\t\t\t<\/div>\n\t\t\t\t<\/div>\n\t\t<div class=\"elementor-element elementor-element-7a426afa e-flex e-con-boxed e-con e-parent\" data-id=\"7a426afa\" data-element_type=\"container\" data-e-type=\"container\" data-settings=\"{&quot;background_background&quot;:&quot;classic&quot;}\">\n\t\t\t\t\t<div class=\"e-con-inner\">\n\t\t<div class=\"elementor-element elementor-element-1a77e25f e-con-full e-flex e-con e-child\" data-id=\"1a77e25f\" data-element_type=\"container\" data-e-type=\"container\">\n\t\t\t\t<div class=\"elementor-element elementor-element-e473784 elementor-widget elementor-widget-heading\" data-id=\"e473784\" data-element_type=\"widget\" data-e-type=\"widget\" data-widget_type=\"heading.default\">\n\t\t\t\t<div class=\"elementor-widget-container\">\n\t\t\t\t\t<h2 class=\"elementor-heading-title elementor-size-default\">Valores<\/h2>\t\t\t\t<\/div>\n\t\t\t\t<\/div>\n\t\t<div class=\"elementor-element elementor-element-2d5e5666 e-con-full e-flex e-con e-child\" data-id=\"2d5e5666\" data-element_type=\"container\" data-e-type=\"container\">\n\t\t<div class=\"elementor-element elementor-element-55fc4a62 e-con-full e-flex e-con e-child\" data-id=\"55fc4a62\" data-element_type=\"container\" data-e-type=\"container\" data-settings=\"{&quot;background_background&quot;:&quot;classic&quot;}\">\n\t\t\t\t<div class=\"elementor-element elementor-element-3eb3a830 elementor-widget elementor-widget-heading\" data-id=\"3eb3a830\" data-element_type=\"widget\" data-e-type=\"widget\" data-widget_type=\"heading.default\">\n\t\t\t\t<div class=\"elementor-widget-container\">\n\t\t\t\t\t<h3 class=\"elementor-heading-title elementor-size-default\">Profesionalismo<\/h3>\t\t\t\t<\/div>\n\t\t\t\t<\/div>\n\t\t\t\t<div class=\"elementor-element elementor-element-3acb3518 elementor-widget elementor-widget-text-editor\" data-id=\"3acb3518\" data-element_type=\"widget\" data-e-type=\"widget\" data-widget_type=\"text-editor.default\">\n\t\t\t\t<div class=\"elementor-widget-container\">\n\t\t\t\t\t\t\t\t\t<ul><li>Know How<\/li><li>Equipo (Profesionales y colaboradores).<\/li><li>Calidad<\/li><\/ul>\t\t\t\t\t\t\t\t<\/div>\n\t\t\t\t<\/div>\n\t\t\t\t<\/div>\n\t\t<div class=\"elementor-element elementor-element-62d61d5f e-con-full e-flex e-con e-child\" data-id=\"62d61d5f\" data-element_type=\"container\" data-e-type=\"container\" data-settings=\"{&quot;background_background&quot;:&quot;classic&quot;}\">\n\t\t\t\t<div class=\"elementor-element elementor-element-11768f48 elementor-widget elementor-widget-heading\" data-id=\"11768f48\" data-element_type=\"widget\" data-e-type=\"widget\" data-widget_type=\"heading.default\">\n\t\t\t\t<div class=\"elementor-widget-container\">\n\t\t\t\t\t<h3 class=\"elementor-heading-title elementor-size-default\">Empat\u00eda<\/h3>\t\t\t\t<\/div>\n\t\t\t\t<\/div>\n\t\t\t\t<div class=\"elementor-element elementor-element-e907ea3 elementor-widget elementor-widget-text-editor\" data-id=\"e907ea3\" data-element_type=\"widget\" data-e-type=\"widget\" data-widget_type=\"text-editor.default\">\n\t\t\t\t<div class=\"elementor-widget-container\">\n\t\t\t\t\t\t\t\t\t<ul><li>Responsabilidad<\/li><li>Respeto<\/li><li>Compromiso<\/li><\/ul>\t\t\t\t\t\t\t\t<\/div>\n\t\t\t\t<\/div>\n\t\t\t\t<\/div>\n\t\t<div class=\"elementor-element elementor-element-52a20bd8 e-con-full e-flex e-con e-child\" data-id=\"52a20bd8\" data-element_type=\"container\" data-e-type=\"container\" data-settings=\"{&quot;background_background&quot;:&quot;classic&quot;}\">\n\t\t\t\t<div class=\"elementor-element elementor-element-31dce2ee elementor-widget elementor-widget-heading\" data-id=\"31dce2ee\" data-element_type=\"widget\" data-e-type=\"widget\" data-widget_type=\"heading.default\">\n\t\t\t\t<div class=\"elementor-widget-container\">\n\t\t\t\t\t<h3 class=\"elementor-heading-title elementor-size-default\">Salud<\/h3>\t\t\t\t<\/div>\n\t\t\t\t<\/div>\n\t\t\t\t<div class=\"elementor-element elementor-element-72566047 elementor-widget elementor-widget-text-editor\" data-id=\"72566047\" data-element_type=\"widget\" data-e-type=\"widget\" data-widget_type=\"text-editor.default\">\n\t\t\t\t<div class=\"elementor-widget-container\">\n\t\t\t\t\t\t\t\t\t<ul><li>Salud<\/li><li>Bienestar<\/li><li>Calidad de vida<\/li><\/ul>\t\t\t\t\t\t\t\t<\/div>\n\t\t\t\t<\/div>\n\t\t\t\t<\/div>\n\t\t\t\t<\/div>\n\t\t\t\t<\/div>\n\t\t\t\t\t<\/div>\n\t\t\t\t<\/div>\n\t\t\t\t<\/div>\n\t\t","protected":false},"excerpt":{"rendered":"<p>Grupo Aliviar Somos un equipo de profesionales\u00a0 comprometidos con el bienestar y la calidad de vida de las personas, ofreciendo productos y servicios en forma personalizada y acompa\u00f1ando al paciente y a su entorno. Cada tratamiento es personalizado, esto quiere decir que el tipo de profesional y la frecuencia de su visita, depender\u00e1 del paciente [&hellip;]<\/p>\n","protected":false},"author":1,"featured_media":0,"parent":0,"menu_order":0,"comment_status":"closed","ping_status":"closed","template":"","meta":{"_uag_custom_page_level_css":"","site-sidebar-layout":"no-sidebar","site-content-layout":"page-builder","ast-site-content-layout":"default","site-content-style":"default","site-sidebar-style":"default","ast-global-header-display":"","ast-banner-title-visibility":"","ast-main-header-display":"","ast-hfb-above-header-display":"","ast-hfb-below-header-display":"","ast-hfb-mobile-header-display":"","site-post-title":"disabled","ast-breadcrumbs-content":"","ast-featured-img":"disabled","footer-sml-layout":"","ast-disable-related-posts":"","theme-transparent-header-meta":"enabled","adv-header-id-meta":"","stick-header-meta":"","header-above-stick-meta":"","header-main-stick-meta":"","header-below-stick-meta":"","astra-migrate-meta-layouts":"default","ast-page-background-enabled":"default","ast-page-background-meta":{"desktop":{"background-color":"","background-image":"","background-repeat":"repeat","background-position":"center center","background-size":"auto","background-attachment":"scroll","background-type":"","background-media":"","overlay-type":"","overlay-color":"","overlay-opacity":"","overlay-gradient":""},"tablet":{"background-color":"","background-image":"","background-repeat":"repeat","background-position":"center center","background-size":"auto","background-attachment":"scroll","background-type":"","background-media":"","overlay-type":"","overlay-color":"","overlay-opacity":"","overlay-gradient":""},"mobile":{"background-color":"","background-image":"","background-repeat":"repeat","background-position":"center center","background-size":"auto","background-attachment":"scroll","background-type":"","background-media":"","overlay-type":"","overlay-color":"","overlay-opacity":"","overlay-gradient":""}},"ast-content-background-meta":{"desktop":{"background-color":"var(--ast-global-color-5)","background-image":"","background-repeat":"repeat","background-position":"center center","background-size":"auto","background-attachment":"scroll","background-type":"","background-media":"","overlay-type":"","overlay-color":"","overlay-opacity":"","overlay-gradient":""},"tablet":{"background-color":"var(--ast-global-color-5)","background-image":"","background-repeat":"repeat","background-position":"center center","background-size":"auto","background-attachment":"scroll","background-type":"","background-media":"","overlay-type":"","overlay-color":"","overlay-opacity":"","overlay-gradient":""},"mobile":{"background-color":"var(--ast-global-color-5)","background-image":"","background-repeat":"repeat","background-position":"center center","background-size":"auto","background-attachment":"scroll","background-type":"","background-media":"","overlay-type":"","overlay-color":"","overlay-opacity":"","overlay-gradient":""}},"footnotes":""},"class_list":["post-2204","page","type-page","status-publish","hentry"],"yoast_head":"<!-- This site is optimized with the Yoast SEO plugin v27.4 - https:\/\/yoast.com\/product\/yoast-seo-wordpress\/ -->\n<title>Nosotros - Aliviar<\/title>\n<meta name=\"robots\" content=\"index, follow, max-snippet:-1, max-image-preview:large, max-video-preview:-1\" \/>\n<link rel=\"canonical\" href=\"https:\/\/aliviar.com.ar\/ortopedia-cirugia\/nosotros\/\" \/>\n<meta property=\"og:locale\" content=\"es_ES\" \/>\n<meta property=\"og:type\" content=\"article\" \/>\n<meta property=\"og:title\" content=\"Nosotros - Aliviar\" \/>\n<meta property=\"og:description\" content=\"Grupo Aliviar Somos un equipo de profesionales\u00a0 comprometidos con el bienestar y la calidad de vida de las personas, ofreciendo productos y servicios en forma personalizada y acompa\u00f1ando al paciente y a su entorno. Cada tratamiento es personalizado, esto quiere decir que el tipo de profesional y la frecuencia de su visita, depender\u00e1 del paciente [&hellip;]\" \/>\n<meta property=\"og:url\" content=\"https:\/\/aliviar.com.ar\/ortopedia-cirugia\/nosotros\/\" \/>\n<meta property=\"og:site_name\" content=\"Aliviar\" \/>\n<meta property=\"article:publisher\" content=\"https:\/\/www.facebook.com\/grupoaliviar\" \/>\n<meta property=\"article:modified_time\" content=\"2024-07-02T18:59:37+00:00\" \/>\n<meta property=\"og:image\" content=\"https:\/\/aliviar.com.ar\/ortopedia-cirugia\/wp-content\/uploads\/2024\/06\/img10.jpg\" \/>\n<meta name=\"twitter:card\" content=\"summary_large_image\" \/>\n<meta name=\"twitter:label1\" content=\"Tiempo de lectura\" \/>\n\t<meta name=\"twitter:data1\" content=\"3 minutos\" \/>\n<script type=\"application\/ld+json\" class=\"yoast-schema-graph\">{\"@context\":\"https:\\\/\\\/schema.org\",\"@graph\":[{\"@type\":\"WebPage\",\"@id\":\"https:\\\/\\\/aliviar.com.ar\\\/ortopedia-cirugia\\\/nosotros\\\/\",\"url\":\"https:\\\/\\\/aliviar.com.ar\\\/ortopedia-cirugia\\\/nosotros\\\/\",\"name\":\"Nosotros - Aliviar\",\"isPartOf\":{\"@id\":\"https:\\\/\\\/aliviar.com.ar\\\/ortopedia-cirugia\\\/#website\"},\"primaryImageOfPage\":{\"@id\":\"https:\\\/\\\/aliviar.com.ar\\\/ortopedia-cirugia\\\/nosotros\\\/#primaryimage\"},\"image\":{\"@id\":\"https:\\\/\\\/aliviar.com.ar\\\/ortopedia-cirugia\\\/nosotros\\\/#primaryimage\"},\"thumbnailUrl\":\"https:\\\/\\\/aliviar.com.ar\\\/ortopedia-cirugia\\\/wp-content\\\/uploads\\\/2024\\\/06\\\/img10.jpg\",\"datePublished\":\"2024-06-25T15:43:37+00:00\",\"dateModified\":\"2024-07-02T18:59:37+00:00\",\"breadcrumb\":{\"@id\":\"https:\\\/\\\/aliviar.com.ar\\\/ortopedia-cirugia\\\/nosotros\\\/#breadcrumb\"},\"inLanguage\":\"es\",\"potentialAction\":[{\"@type\":\"ReadAction\",\"target\":[\"https:\\\/\\\/aliviar.com.ar\\\/ortopedia-cirugia\\\/nosotros\\\/\"]}]},{\"@type\":\"ImageObject\",\"inLanguage\":\"es\",\"@id\":\"https:\\\/\\\/aliviar.com.ar\\\/ortopedia-cirugia\\\/nosotros\\\/#primaryimage\",\"url\":\"https:\\\/\\\/aliviar.com.ar\\\/ortopedia-cirugia\\\/wp-content\\\/uploads\\\/2024\\\/06\\\/img10.jpg\",\"contentUrl\":\"https:\\\/\\\/aliviar.com.ar\\\/ortopedia-cirugia\\\/wp-content\\\/uploads\\\/2024\\\/06\\\/img10.jpg\",\"width\":601,\"height\":401},{\"@type\":\"BreadcrumbList\",\"@id\":\"https:\\\/\\\/aliviar.com.ar\\\/ortopedia-cirugia\\\/nosotros\\\/#breadcrumb\",\"itemListElement\":[{\"@type\":\"ListItem\",\"position\":1,\"name\":\"Portada\",\"item\":\"https:\\\/\\\/aliviar.com.ar\\\/ortopedia-cirugia\\\/\"},{\"@type\":\"ListItem\",\"position\":2,\"name\":\"Nosotros\"}]},{\"@type\":\"WebSite\",\"@id\":\"https:\\\/\\\/aliviar.com.ar\\\/ortopedia-cirugia\\\/#website\",\"url\":\"https:\\\/\\\/aliviar.com.ar\\\/ortopedia-cirugia\\\/\",\"name\":\"Aliviar\",\"description\":\"Grupo Aliviar\",\"publisher\":{\"@id\":\"https:\\\/\\\/aliviar.com.ar\\\/ortopedia-cirugia\\\/#organization\"},\"potentialAction\":[{\"@type\":\"SearchAction\",\"target\":{\"@type\":\"EntryPoint\",\"urlTemplate\":\"https:\\\/\\\/aliviar.com.ar\\\/ortopedia-cirugia\\\/?s={search_term_string}\"},\"query-input\":{\"@type\":\"PropertyValueSpecification\",\"valueRequired\":true,\"valueName\":\"search_term_string\"}}],\"inLanguage\":\"es\"},{\"@type\":\"Organization\",\"@id\":\"https:\\\/\\\/aliviar.com.ar\\\/ortopedia-cirugia\\\/#organization\",\"name\":\"Aliviar\",\"url\":\"https:\\\/\\\/aliviar.com.ar\\\/ortopedia-cirugia\\\/\",\"logo\":{\"@type\":\"ImageObject\",\"inLanguage\":\"es\",\"@id\":\"https:\\\/\\\/aliviar.com.ar\\\/ortopedia-cirugia\\\/#\\\/schema\\\/logo\\\/image\\\/\",\"url\":\"https:\\\/\\\/aliviar.com.ar\\\/ortopedia-cirugia\\\/wp-content\\\/uploads\\\/2024\\\/06\\\/Logo-Aliviar.png\",\"contentUrl\":\"https:\\\/\\\/aliviar.com.ar\\\/ortopedia-cirugia\\\/wp-content\\\/uploads\\\/2024\\\/06\\\/Logo-Aliviar.png\",\"width\":610,\"height\":250,\"caption\":\"Aliviar\"},\"image\":{\"@id\":\"https:\\\/\\\/aliviar.com.ar\\\/ortopedia-cirugia\\\/#\\\/schema\\\/logo\\\/image\\\/\"},\"sameAs\":[\"https:\\\/\\\/www.facebook.com\\\/grupoaliviar\",\"https:\\\/\\\/www.instagram.com\\\/grupoaliviar\\\/\"]}]}<\/script>\n<!-- \/ Yoast SEO plugin. -->","yoast_head_json":{"title":"Nosotros - Aliviar","robots":{"index":"index","follow":"follow","max-snippet":"max-snippet:-1","max-image-preview":"max-image-preview:large","max-video-preview":"max-video-preview:-1"},"canonical":"https:\/\/aliviar.com.ar\/ortopedia-cirugia\/nosotros\/","og_locale":"es_ES","og_type":"article","og_title":"Nosotros - Aliviar","og_description":"Grupo Aliviar Somos un equipo de profesionales\u00a0 comprometidos con el bienestar y la calidad de vida de las personas, ofreciendo productos y servicios en forma personalizada y acompa\u00f1ando al paciente y a su entorno. Cada tratamiento es personalizado, esto quiere decir que el tipo de profesional y la frecuencia de su visita, depender\u00e1 del paciente [&hellip;]","og_url":"https:\/\/aliviar.com.ar\/ortopedia-cirugia\/nosotros\/","og_site_name":"Aliviar","article_publisher":"https:\/\/www.facebook.com\/grupoaliviar","article_modified_time":"2024-07-02T18:59:37+00:00","og_image":[{"url":"https:\/\/aliviar.com.ar\/ortopedia-cirugia\/wp-content\/uploads\/2024\/06\/img10.jpg","type":"","width":"","height":""}],"twitter_card":"summary_large_image","twitter_misc":{"Tiempo de lectura":"3 minutos"},"schema":{"@context":"https:\/\/schema.org","@graph":[{"@type":"WebPage","@id":"https:\/\/aliviar.com.ar\/ortopedia-cirugia\/nosotros\/","url":"https:\/\/aliviar.com.ar\/ortopedia-cirugia\/nosotros\/","name":"Nosotros - Aliviar","isPartOf":{"@id":"https:\/\/aliviar.com.ar\/ortopedia-cirugia\/#website"},"primaryImageOfPage":{"@id":"https:\/\/aliviar.com.ar\/ortopedia-cirugia\/nosotros\/#primaryimage"},"image":{"@id":"https:\/\/aliviar.com.ar\/ortopedia-cirugia\/nosotros\/#primaryimage"},"thumbnailUrl":"https:\/\/aliviar.com.ar\/ortopedia-cirugia\/wp-content\/uploads\/2024\/06\/img10.jpg","datePublished":"2024-06-25T15:43:37+00:00","dateModified":"2024-07-02T18:59:37+00:00","breadcrumb":{"@id":"https:\/\/aliviar.com.ar\/ortopedia-cirugia\/nosotros\/#breadcrumb"},"inLanguage":"es","potentialAction":[{"@type":"ReadAction","target":["https:\/\/aliviar.com.ar\/ortopedia-cirugia\/nosotros\/"]}]},{"@type":"ImageObject","inLanguage":"es","@id":"https:\/\/aliviar.com.ar\/ortopedia-cirugia\/nosotros\/#primaryimage","url":"https:\/\/aliviar.com.ar\/ortopedia-cirugia\/wp-content\/uploads\/2024\/06\/img10.jpg","contentUrl":"https:\/\/aliviar.com.ar\/ortopedia-cirugia\/wp-content\/uploads\/2024\/06\/img10.jpg","width":601,"height":401},{"@type":"BreadcrumbList","@id":"https:\/\/aliviar.com.ar\/ortopedia-cirugia\/nosotros\/#breadcrumb","itemListElement":[{"@type":"ListItem","position":1,"name":"Portada","item":"https:\/\/aliviar.com.ar\/ortopedia-cirugia\/"},{"@type":"ListItem","position":2,"name":"Nosotros"}]},{"@type":"WebSite","@id":"https:\/\/aliviar.com.ar\/ortopedia-cirugia\/#website","url":"https:\/\/aliviar.com.ar\/ortopedia-cirugia\/","name":"Aliviar","description":"Grupo Aliviar","publisher":{"@id":"https:\/\/aliviar.com.ar\/ortopedia-cirugia\/#organization"},"potentialAction":[{"@type":"SearchAction","target":{"@type":"EntryPoint","urlTemplate":"https:\/\/aliviar.com.ar\/ortopedia-cirugia\/?s={search_term_string}"},"query-input":{"@type":"PropertyValueSpecification","valueRequired":true,"valueName":"search_term_string"}}],"inLanguage":"es"},{"@type":"Organization","@id":"https:\/\/aliviar.com.ar\/ortopedia-cirugia\/#organization","name":"Aliviar","url":"https:\/\/aliviar.com.ar\/ortopedia-cirugia\/","logo":{"@type":"ImageObject","inLanguage":"es","@id":"https:\/\/aliviar.com.ar\/ortopedia-cirugia\/#\/schema\/logo\/image\/","url":"https:\/\/aliviar.com.ar\/ortopedia-cirugia\/wp-content\/uploads\/2024\/06\/Logo-Aliviar.png","contentUrl":"https:\/\/aliviar.com.ar\/ortopedia-cirugia\/wp-content\/uploads\/2024\/06\/Logo-Aliviar.png","width":610,"height":250,"caption":"Aliviar"},"image":{"@id":"https:\/\/aliviar.com.ar\/ortopedia-cirugia\/#\/schema\/logo\/image\/"},"sameAs":["https:\/\/www.facebook.com\/grupoaliviar","https:\/\/www.instagram.com\/grupoaliviar\/"]}]}},"uagb_featured_image_src":{"full":false,"thumbnail":false,"medium":false,"medium_large":false,"large":false,"1536x1536":false,"2048x2048":false},"uagb_author_info":{"display_name":"admin","author_link":"https:\/\/aliviar.com.ar\/ortopedia-cirugia\/author\/admin\/"},"uagb_comment_info":0,"uagb_excerpt":"Grupo Aliviar Somos un equipo de profesionales\u00a0 comprometidos con el bienestar y la calidad de vida de las personas, ofreciendo productos y servicios en forma personalizada y acompa\u00f1ando al paciente y a su entorno. Cada tratamiento es personalizado, esto quiere decir que el tipo de profesional y la frecuencia de su visita, depender\u00e1 del paciente&hellip;","_links":{"self":[{"href":"https:\/\/aliviar.com.ar\/ortopedia-cirugia\/wp-json\/wp\/v2\/pages\/2204","targetHints":{"allow":["GET"]}}],"collection":[{"href":"https:\/\/aliviar.com.ar\/ortopedia-cirugia\/wp-json\/wp\/v2\/pages"}],"about":[{"href":"https:\/\/aliviar.com.ar\/ortopedia-cirugia\/wp-json\/wp\/v2\/types\/page"}],"author":[{"embeddable":true,"href":"https:\/\/aliviar.com.ar\/ortopedia-cirugia\/wp-json\/wp\/v2\/users\/1"}],"replies":[{"embeddable":true,"href":"https:\/\/aliviar.com.ar\/ortopedia-cirugia\/wp-json\/wp\/v2\/comments?post=2204"}],"version-history":[{"count":55,"href":"https:\/\/aliviar.com.ar\/ortopedia-cirugia\/wp-json\/wp\/v2\/pages\/2204\/revisions"}],"predecessor-version":[{"id":2460,"href":"https:\/\/aliviar.com.ar\/ortopedia-cirugia\/wp-json\/wp\/v2\/pages\/2204\/revisions\/2460"}],"wp:attachment":[{"href":"https:\/\/aliviar.com.ar\/ortopedia-cirugia\/wp-json\/wp\/v2\/media?parent=2204"}],"curies":[{"name":"wp","href":"https:\/\/api.w.org\/{rel}","templated":true}]}}